 + (4 - (-2 + 12)).
2
Calculate -8 - -1 - (-17 + 6).
4
Evaluate -3 + 1 - (-54 + 51).
1
What is 6 - (0 - (-2 + 1))?
5
Calculate -1 + (-1 - 2) + 3.
-1
What is 5 + 1 + -2 + 1?
5
6 + -6 + 9 + -10
-1
What is the value of 8 + -16 + -2 + (1 - -4)?
-5
What is the value of -1 - (-8 + 3 + 0) - 10?
-6
Calculate -11 + (8 - -12) + -5.
4
What is the value of 96 - 88 - ((-2 - -6) + 3)?
1
Calculate -5 - ((6 - 5) + -5).
-1
What is the value of -2 + (4 - (3 + 0))?
-1
Evaluate 2 + (-6 + 8 - 0) - 6.
-2
14 - 12 - (8 - 2)
-4
Calculate 8 + (-12 - 2) - -5.
-1
Evaluate 17 - 9 - (1 - -2).
5
What is the value of -6 - (1 - 2) - -3 - 5?
-7
What is 3 + 14 + (-3 - 3)?
11
What is the value of (2 - 2 - 2) + 2 + -3?
-3
What is 0 - (1 + -2 - 1)?
2
What is 3 + -2 - (-2 + 6 + -4)?
1
Evaluate (1 - 8 - (12 + -14)) + 3.
-2
4 + (-3 - -4) + (1 - 4)
2
Calculate -17 + (1 - (0 - 11 - -5)).
-10
Evaluate 2 - (-4 - -4) - 0.
2
What is the value of 6 - 11 - (-1 - 1)?
-3
What is 2 + (4 - (0 + -2 + 6))?
2
Calculate 4 + 1 + -3 - 4.
-2
Evaluate -2 + 4 + (-7 - 2) + 2.
-5
What is -6 + (-17 - -5) + 24?
6
What is 2 - (-1 + 2) - (2 - -3)?
-4
Evaluate (-8 - -4) + -2 + 4.
-2
Calculate (4 - -5 - 15) + 14.
8
What is -13 + 19 + -6 + -4?
-4
Evaluate -2 - (-18 + (12 - 3)).
7
Calculate (-1 - 14) + 9 + -2 - -18.
10
What is -6 + (5 + -7 - -10)?
2
What is (-7 + 12 - (1 - 0)) + 1?
5
-1 + 2 - (8 + -10)
3
What is 8 + (-1 - 2) + -4?
1
Calculate -3 + 2 + (-2 - (5 - 7)).
-1
27 + -23 + 3 + -2 + -2
3
What is -8 - (-4 - (1 + -2))?
-5
-9 - -7 - (3 + -11)
6
What is (9 - 6 - 12) + -2 - -8?
-3
What is -1 - -6 - (161 - 159)?
3
Evaluate 0 - (7 + -9) - 0.
2
What is (1 + -2 - -4) + 0 - 1?
2
What is 1 + 5 + (3 - 6)?
3
What is the value of (7 - 3) + -4 - (-3 + -2)?
5
What is 6 - 2 - (11 - -2)?
-9
What is the value of 4 + -2 + 1 - (4 - -4)?
-5
Evaluate -8 - (-12 - (2 + -7 + 0)).
-1
Evaluate -2 - 2 - (-40 - -38).
-2
4 + -3 + -2 - (3 - 3)
-1
What is the value of 2 - 2 - (9 - 10)?
1
Calculate 13 + -9 + -4 + -1.
-1
5 - 1 - (4 + 5)
-5
Calculate 2 + (-2 + 1 - -3) + -1.
3
What is the value of -3 + (1 + -3 - -3)?
-2
Calculate 5 - (12 - 0) - (-1 + -1).
-5
What is the value of 0 - (-2 + 1 - -4)?
-3
What is the value of 2 - ((-3 - 1) + 9 - 7)?
4
Evaluate -4 + 2 + (5 - (3 + 5)).
-5
What is the value of 2 - (8 + -5 - (4 + 0))?
3
What is -12 + 3 + 2 + (-4 - -1)?
-10
Evaluate 0 + -7 + (15 - 4).
4
What is the value of (3 - -2) + 0 + -2 + 0?
3
Evaluate -4 + -2 + (3 - -3).
0
Evaluate (5 - 3) + -3 + -1 - 0.
-2
What is (-10 - 0) + (2 - -9)?
1
Calculate -6 - (-2 + 2 + (-22 - -23)).
-7
Calculate -1 - 2 - (4 + -6 - -1).
-2
What is the value of 4 - (7 - -1) - 3?
-7
What is -4 - -8 - 1 - (0 - -1)?
2
What is -13 - -10 - (3 + -9)?
3
What is the value of -3 - (-1 + -2 - 4)?
4
(-1 - 0 - 0) + -3 + 0
-4
Evaluate -5 + (-5 + 0 - -8) + -2.
-4
Calculate (-2 - 3) + 8 + -6 - -1.
-2
Calculate -25 + 20 - (-1 - 5).
1
(-4 - -3) + 0 + (-4 - -4)
-1
What is the value of (-18 + 2 - -6) + 4 + 8?
2
Calculate (-7 - -6 - (1 + -1)) + -4.
-5
Evaluate (-2 - -4 - (7 - 1)) + 3.
-1
Evaluate (1 + -2 + 2 - -2) + -3.
0
What is the value of 1 + (1 - 4) + 7 + -1?
4
-8 + (1 - (6 - 3)) + 6
-4
Evaluate -7 + -6 + 10 + 12.
9
-4 + 1 + (4 - 6) + 4
-1
Evaluate 9 - (35 - 12) - -9.
-5
Calculate (2 - (5 + -2)) + (-10 - -8).
-3
What is the value of -16 - -6 - (-6 - -1)?
-5
What is (2 - -4) + -8 + 9 + -1?
6
What is 11 - (3 + (8 - 3))?
3
What is the value of -3 + 3 + 2 + -2?
0
What is (1 - 2) + 41 + -44?
-4
Calculate 6 - (0 - (-1 - (-7 + 3))).
9
Evaluate (8 - 15) + 8 - -2 - 3.
0
(-10 - (-8 + 4)) + (8 - -1)
3
Calculate 6 + -3 - (0 - -2).
1
Evaluate 8 + (-8 - -8) + -7 + 0.
1
0 + -2 + -13 + 21
6
4 - (-8 - -5) - (0 - -5)
2
Evaluate 2 - (-4 + 9) - -8.
5
Evaluate 1 + -4 + 4 + 3 + -10.
-6
(-3 - -5) + -1 + 2 - 0
3
What is the value of -4 + -2 - (-27 - -21)?
0
Calculate (0 - (-11 + 4)) + -3 + 1.
5
What is the value of -18 + 10 - -10 - (-2 - -7)?
-3
Calculate 3 + (3 + 1 - 10) - -5.
2
Calculate -22 + 22 + -1 + -4.
-5
Calculate 4 + -3 + 1 + 2.
4
What is 19 + -12 - (8 - -1) - -6?
4
1 + -1 + (-13 - -3)
-10
What is -107 - -96 - (-1 - 13)?
3
Evaluate (7 - 7 - (0 - 1)) + -6.
-5
Evaluate (3 - 5) + (-5 - -11).
4
What is the value of -5 + 5 - (6 - (-2 + 7))?
-1
Evaluate 3 + -7 + 7 + -9.
-6
-6 + 1 + -4 + 3
-6
Evaluate 0 + (5 - 3 - 3).
-1
What is -1 - (0 + 0 - 2)?
1
Calculate 1 + -3 + 0 - 0.
-2
What is 3 + (3 + 1 + -3 - 1)?
3
What is the value of 1 + (4 + -1 - 0) + -8?
-4
Evaluate (-11 - -12 - (0 + -4)) + -2.
3
Evaluate -7 + (5 - (7 - 5)).
-4
Evaluate 6 - (3 - -21) - -9.
-9
What is the value of -7 - (6 - (6 + 0 + 1))?
-6
What is the value of (-7 + 2 - -10) + -5 + 3?
3
What is 37 + -42 + (1 - (2 - -3))?
-9
What is the value of 0 + -1 + -1 + 1 + 3?
2
What is the value of 2 + (-1 - 7) + 5?
-1
Calculate (1 - -3 - 3) + (0 - -3).
4
(3 - 1) + -1 + 4
5
Calculate (-4 - -1) + 0 + -1.
-4
-1 + -3 + (0 - 0) + 2
-2
What is 6 + -2 - (-8 + 7 - -7)?
-2
What is the value of 0 + 0 + 4 + -2?
2
What is the value of 48 - 55 - (-4 - -1 - 10)?
6
What is 1 + -1 - (3 + -1)?
-2
Evaluate 2 - (-1 - 1) - (12 - 9).
1
Evaluate -1 + 5 + -4 + 4 + -8.
-4
Calculate 2 - 3 - (-1 + 0).
0
What is the value of (-2 - -3 - -10) + -13?
-2
(-4 - (-1 + -2)) + -23 + 16
-8
Calculate 7 + -8 + 1 - -3.
3
Calculate 11 + -13 - 10 - -11.
-1
Calculate (8 - 9) + -9 + 1.
-9
What is -1 + (10 - 3) + -14?
-8
Calculate 7 + -20 - -10 - -9.
6
Calculate -1 - (12 + -10) - 2.
-5
Evaluate (-2 - (-1 - 7)) + -2 - -2.
6
Calculate (-7 - -4 - -2) + -2.
-3
What is 2 + 0 + (-10 - -3)?
-5
Calculate (3 + -9 - 5) + 9.
-2
Calculate 7 + (2 - (-6 + 15)) - 8.
-8
Calculate -4 + (4 - (7 - (1 - -3))).
-3
What is the value of -1 + 7 + -24 + 17?
-1
(-5 - -1) + 12 + -3
5
What is the value of -2 + -5 - (3 - 5) - -3?
-2
What is -7 - -12 - (0 - 0)?
5
What is 5 - (3 + -2) - (14 - 18)?
8
(21 - 20) + (3 - -1)
5
(1 - -3) + -12 + 9
1
Evaluate 7 - ((-12 + 8 - -9) + 1).
1
Evaluate 2 - (-13 - 5) - 10.
10
What is the value of (4 - ((-7 - -12) + -7)) + -5?
1
What is the value of -3 - (-3 + -3 + 1 - 0)?
2
Evaluate (2 + (-5 - -1) - 1) + 4.
1
What is 1 + -2 + (-3 - 0)?
-4
Evaluate -6 + 2 + 0 - (-2 + 1).
-3
Evaluate -2 + -1 - (-1 + 4 + -3).
-3
What is the value of (45 + -50 - (-2 - 0)) + -2?
-5
What is the value of -3 - (4 - 3) - -8?
4
Calculate -24 + 5 + 5 + (-1 - -4).
-11
Calculate -13 + -12 + 10 - -10.
-5
(-4 + -3 + 4 - -1) + -1
-3
Evaluate 4 - (-10 - -3 - (-6 - -4)).
9
What is -24 + 24 + (3 - 0) + -7?
-4
-7 - (2 + -5 + 0)
-4
What is -3 + (2 - 1) - (0 - 2)?
0
What is 15 - (-5 - -4 - -8) - 14?
-6
Calculate (-1 - (3 + 1)) + 0.
-5
Evaluate -2 + (0 - -1) + -2.
-3
(2 - 2) + -2 + 0
-2
Calculate -3 - (2 + 2 + -1 + -4).
-2
Evaluate 3 - (-4 - (4 + (0 - 5))).
6
3 + (4 - 1 - 4)
2
Calculate (-4 - -3) + 2 + -6.
-5
Evaluate 0 - 1 - (6 + -4).
-3
What is the value of -5 - (-1 + 7) - -4?
-7
What is the value of -4 + -2 + (12 - 7) + 3?
2
What is -323 - -315 - (-17 + (2 - 0))?
7
Calculate -16 - -22 - (-1 - -12).
-5
(-6 + -7 - -5) + 5
-3
What is 19 - 4 - 4 - 2 - 3?
6
Evaluate (14 - (23 - 14)) + 0 + 1.
6
Evaluate 4 + 1 + (-2 - 1).
2
What is -9 + (1 + -2 - -5)?
-5
Evaluate 5 + -5 - (2 - (0 + -1)).
-3
(-3 - -1) + (1 - 3)
-4
What is the value of -7 + (7 - -4) + (1 - 3)?
2
Calculate -6 + (0 - 0) - -3.
-3
Evaluate 2 + 5 + -7 + -3.
-3
Calculate (-3 - (3 + 1 - 7)) + 1.
1
Calculate 7 + -1 + 1 + -2 - 2.
3
Calculate (-9 + 7 - 9) + 4 + 1.
-6
Calculate 7 - (12 + -8) - 5.
-2
What is the value of 7 + (5 - (14 - 8))?
6
What is -17 + 4 - (-9 + -1)?
-3
-9 - (2 + -12 + 2)
-1
What is (-23 - -20) + -10 + (8 - 1)?
-6
What is the value of (4 - 0) + -1 + -7 + -1?
-5
2 + 0 - ((-10 - -8) + 2)
2
What is 4 + (2 - 9) + 0?
-3
Calculate 5 - (-1 + -3 - (18 + -22)).
5
Evaluate 5 + (-1 - 5) + 5 + -5.
-1
(0 - -5) + (5 - (6 + -3))
7
Calculate 1 - -1 - (8 - 4 - -2).
-4
Calculate -5 + (-1 - -5 - (6 - 10)).
3
Calculate 12 - 9 - (3 + 2).
-2
Evaluate 4 - (7 - (1 - -2)).
0
-2 + 7 + -5 + (8 - 2)
6
Evaluate (-2 - 1) + (-17 - -18).
-2
Evaluate (-3 - (-2 - (-2 + -1))) + 4.
0
What is the value of 6 + -4 + -1 - 3?
-2
Calculate -6 + (7 - (-4 + 3 + 5)).
-3
Calculate 1 + 0 - ((-1 - 5) + 5).
2
Evaluate -6 + (-6 - (-7 - 1)).
-4
Calculate (4 - (-3 - -7)) + (4 - 1).
3
What is (-2 - -1) + 4 + (-2 - 8)?
-7
What is the value of -5 + 0 - (-4 - (-2 + -2))?
-5
Evaluate (-23 - -20) + (3 + 0 - 0).
0
W